of z(8)?
1
Suppose 1051492 = -163*z + 1328328 + 1564901. What is the ten thousands digit of z?
1
Suppose -20 = 5*m, 5*f + 6302 = 3*m + 22474. What is the thousands digit of f?
3
Let u(z) = -z**2 - 10*z + 14. Let j be u(-11). Suppose -8*c = -j*c - 35. What is the units digit of 2/c + (-26)/(-7)?
4
Let c be ((-51)/(-6))/((-1)/2). Let y = 208 - 205. What is the tens digit of 7/(y - (-50)/c)?
1
Suppose -3*g = 0, 0 = -0*t + 4*t - g - 40. What is the units digit of (-5 + 3171/(-35))*t/(-4)?
9
Let q(a) = -a**2 + 19*a - 31. Suppose 12*j - 110 - 106 = 0. Let u be q(j). Let k = -3 - u. What is the tens digit of k?
1
Let l = 111 + -202. Let d = 140 - l. What is the units digit of d?
1
Let l(v) = 8*v**2 - 3*v - 76. Suppose 0 = 2*y - 4*u + 13 + 21, u - 49 = 5*y. What is the tens digit of l(y)?
9
Let d = 103 + -94. Suppose 0 = 3*b + 3*y - 2241, -b - 11*y + d*y + 750 = 0. What is the units digit of b?
4
Let q be 2/4*((-4)/(-4) - 13). Let b = -30 - q. What is the tens digit of -2 - b/14 - 1497/(-21)?
7
Suppose h = 3*h + v - 36, 3*h = -v + 55. Suppose 5*k = a + 6 - h, 4*a + 2*k - 8 = 0. Suppose -2*u = -107 + a. What is the tens digit of u?
5
Let u(g) = 68 + 4 + 157*g - 80*g - 78*g. Let p = 0 - 0. What is the tens digit of u(p)?
7
Let u(t) = -9*t - 206. Let i be u(-26). Let f = -16 - -73. Suppose 0 = -17*p + i + f. What is the units digit of p?
5
Let b = -2299 + 3686. What is the units digit of b?
7
Suppose 3*a - 58 = 5*w, 0*w + 14 = a + w. Suppose a*u - 7*u = 36. Suppose 10*j - u*j - 216 = 0. What is the tens digit of j?
3
Let y = -92 + 47. Let p = y - -25. What is the tens digit of (p/50)/((-1)/60)?
2
What is the units digit of ((-1)/1)/(1/(-14117)*(5 - 4))?
7
Suppose -31*v + 107 + 172 = 0. What is the units digit of (1680/(-18))/(v/(-81))?
0
Let w(f) = -1402*f + 2133. What is the tens digit of w(-8)?
4
Suppose 41*a - 838422 = 15*a. Suppose -39*v + 14670 = -a. What is the thousands digit of v?
1
Let c(x) = 2*x**2 + 9*x + 5. Let l be c(-5). Suppose -l*z - 71 = -11*z. Let t = z + -14. What is the units digit of t?
7
Let c(i) = -124*i + 2085. Let k be c(17). Let w = 2 + -1. What is the units digit of (12 - k)/((w - 0) + 0)?
5
Suppose 9*t = 11 + 151. What is the hundreds digit of (6/27 - 22/t) + 191?
1
Let z(i) = -29*i**3 + 15*i**2 + 59*i + 27. What is the units digit of z(-6)?
7
Suppose -4617 = 4*p - 7*p. Let u be (-4 - -3)/(169/26 + -7). What is the units digit of (-4)/u*p/(-18)?
1
Let x be 132/20 - 4/(-10). Suppose -2*p + 15 = x. Suppose -b - p*s + 42 = 0, -2*b + 2*s = -2*s - 84. What is the units digit of b?
2
Let k(g) = -6*g + 1. Let f be k(-1). Let i = 6367 + -4985. Suppose -277 = -f*y + i. What is the hundreds digit of y?
2
Suppose -13*v + 15*v - 16 = 0. Suppose -v*s - 132 = -9*s. What is the hundreds digit of s?
1
Let n(z) = 61*z**2 - 129*z + 774. What is the thousands digit of n(6)?
2
Suppose -14 = 3*x + 3*p + 2*p, p = -2*x. What is the hundreds digit of 2*(x - 514/(-4))?
2
Let a(r) = r**3 - 5*r**2 + 15*r - 9. Let z(g) = -2*g**2 + 6. Suppose -2*p = -5*p. Let q be z(p). What is the tens digit of a(q)?
1
Let c = -230 - -227. What is the units digit of ((-2)/c)/(15/12555)?
8
What is the thousands digit of -17436*(-6 - 21/(-4))?
3
Let r(d) = -d**2 + 15*d - 17. Let s be r(13). Let n(l) = 24*l - 82. What is the units digit of n(s)?
4
Suppose 3*x = -150 - 63. Let k = 438 - x. What is the tens digit of k?
0
Let a(q) = -2*q**3 - 7*q**2 - 8*q - 10. Suppose 3*l = -2*l - 2*r + 45, 5*l = 4*r + 45. Suppose -5*c - 11 = l. What is the tens digit of a(c)?
3
Let z(f) be the first derivative of -22*f + 30 + 2/3*f**3 - 5/2*f**2. What is the tens digit of z(9)?
9
What is the units digit of (277/(-1))/(311/(-5909))?
3
Let j = 8 + -3. Suppose 2 = -j*h + 12. Suppose -3*l + 570 = 5*q, -4*q + 456 = 3*l + h*l. What is the hundreds digit of q?
1
Let i be (-120)/(-9)*(-75)/(-10). Suppose -3*j + 2*d = i, 3*j + 0*d = -3*d - 120. What is the tens digit of (-384)/j*(-2)/4*-12?
6
Let d(i) = 2779*i + 148. What is the hundreds digit of d(3)?
4
What is the units digit of (-179 - -176)*(6899*2)/(-2)?
7
Let b(m) = -m**2 - 241*m + 1801. What is the tens digit of b(-132)?
8
What is the tens digit of (-2428)/(-10 - 6 - -14)?
1
Let w be (-3)/1 + (6 - 0). Let s(x) = -5*x + 5. Let y be s(w). What is the tens digit of 4/y - (-2754)/85?
3
Let k(m) = -7*m**3 + m**2 - 2*m - 2. Let t be k(-1). Suppose 8*y - 9*y = -g - 159, t = -4*g. What is the tens digit of y?
5
Let p(f) = f**3 + 8*f**2 - 2*f - 15. Let i be p(-8). Let m(y) = 10*y + 1. Let s be m(i). Suppose s*a = 615 + 485. What is the units digit of a?
0
Suppose 2*n - 3*z - 3 = 0, 0 = -4*n + z + 1 + 10. Suppose 2*f = 4*h + 2270, n*f + 0*f - 3399 = 3*h. What is the units digit of f?
1
Let q(d) = -3*d - 10. Let y(w) = w. Let n(o) = -q(o) - 2*y(o). Let t be n(-4). Suppose -t*f + 545 = -f. What is the tens digit of f?
0
Let w = 5897 + 139. What is the hundreds digit of w?
0
Suppose -10*u + 2750890 = -53*u + 282*u. What is the hundreds digit of u?
5
Suppose 6 = v, 29*z - 5*v = 30*z - 7911. What is the thousands digit of z?
7
Let i = 711 - 704. Suppose 5*v = 5*b - 2720, i*v = 3*v - 16. What is the tens digit of b?
4
Suppose 0 = -l + 4, 5*l = 20*y - 21*y + 18209. What is the thousands digit of y?
8
Suppose 60519 = 19*k + 17*k - 296313. What is the tens digit of k?
1
Suppose 2*l - l - 3 = 0. Let j(c) = 0*c**2 + 0*c**2 - c**2 + 13 - 1143*c**3 + 0*c**2 + 1148*c**3. What is the hundreds digit of j(l)?
1
Let o be (6/4)/(78/208). What is the hundreds digit of (-4)/o + -1 + 683?
6
Let v = -5074 + 8157. What is the hundreds digit of v?
0
Let x = 513 + -1072. Let c = x - -932. What is the hundreds digit of c?
3
Let w(d) = -39041*d + 392. What is the thousands digit of w(-1)?
9
Suppose 11*i + 3*m = 6*i + 53550, -3*i - 3*m = -32124. What is the ten thousands digit of i?
1
Suppose 35*d - 31*d - o = -10, 2*o - 5 = 3*d. What is the units digit of (9 + -3)/(72/21 + d)?
4
Let r(f) = -518*f + 946. What is the hundreds digit of r(-12)?
1
Suppose -4*j - 260*a + 264*a + 5544 = 0, 0 = -2*a + 6. What is the tens digit of j?
8
What is the tens digit of (-121990)/(-8) - (-4 - -10*(-21)/(-56))?
4
Suppose 18*r = 71842 + 67154. What is the hundreds digit of r?
7
Suppose -20081 = -6*r + 16963. What is the units digit of r?
4
What is the tens digit of (35*3)/(-2 + (-105)/(-45))?
1
Let y be ((-2088)/54)/(2/(-3)). Let z = 62 - y. Suppose -z*n + 194 = -546. What is the tens digit of n?
8
Let l be (2 + 0)*(-7)/(-2). Suppose -4*v + 2*a = 120, -v - 23 = 3*a + l. Let k = 83 - v. What is the hundreds digit of k?
1
Let i(x) = -18*x - 17. Let z(n) = 3*n**3 + 3*n**2 - 1. Let p be z(-2). What is the tens digit of i(p)?
1
Let s(n) = -100*n - 40. Let k = -53 + 45. What is the tens digit of s(k)?
6
Let s = -49 - -73. Let p be (s/(-40) - 0) + (-22)/5. What is the hundreds digit of p + (-2)/3*-357?
2
Let t(z) = -38*z + 12. Suppose 0 + 32 = 8*m. Let c = -8 + m. What is the tens digit of t(c)?
6
Suppose -5*r + 49627 = -3*f, -21 + 25 = -f. What is the tens digit of r?
2
Suppose 4*z - 2549 = -5*s + 18663, -5*z = -5*s + 21275. What is the thousands digit of s?
4
Suppose -p + 4*q - 15 = 0, -6*p = -4*p - 4*q + 42. Let w be (-15 - -1)/((-2)/(-4)). Let r = p - w. What is the units digit of r?
1
Suppose 4*d = 5*q - d - 595, 2*q + 3*d = 253. Suppose 4*l - 2*a + 4 = q, l = -3*a + 40. What is the units digit of l?
1
Suppose -d + 3 = 1, -3537 = 3*k - 3*d. Let j = -807 - k. What is the units digit of j?
0
Suppose 199*c = 214*c - 3075. Let v = 96 + c. What is the tens digit of v?
0
Let q(w) = -12*w + 17*w - 5*w - 9*w - 36. What is the tens digit of q(-15)?
9
Let c = 34 + 37. Let d = c + -67. What is the units digit of d/6 - (-674)/6?
3
Let w(d) = 5*d + 23. Let c(m) = -10*m**2 + 11*m**2 + 11 + 11*m - 1. Let x be c(-11). What is the tens digit of w(x)?
7
What is the tens digit of (-241285)/(-6) + 6 + 1406/(-228)?
1
What is the hundreds digit of ((-2)/5 - 18734/(-510))*2*36?
6
Let u = -44 + 48. Let i be (-3)/u + (-19)/(-4). Suppose 4*l - 570 = l + 5*d, i*d = -12. What is the hundreds digit of l?
1
Let z = 181644 + -98517. What is the units digit of z?
7
Let d be (-7 + 4 - -3)/2. Suppose u + 2*v = -d*v + 68, -193 = -3*u + 5*v. Suppose -u = -5*o + 2*o. What is the units digit of o?
2
Let f(q) = 2829*q**2 - 43*q + 84. W